{"id":702,"date":"2012-09-05T14:24:31","date_gmt":"2012-09-05T13:24:31","guid":{"rendered":"http:\/\/www.karate-shukokai.fr\/site\/?page_id=702"},"modified":"2013-09-13T13:55:18","modified_gmt":"2013-09-13T11:55:18","slug":"reglement-interieur-club-santeny","status":"publish","type":"page","link":"https:\/\/www.karate-shukokai.fr\/site\/?page_id=702","title":{"rendered":"R\u00e8glement int\u00e9rieur du Club Santeny"},"content":{"rendered":"<p style=\"text-align: justify;\">D\u00e8s lors que vous vous inscrivez au Karat\u00e9 ACS Santeny, vous vous engagez \u00e0 respecter le r\u00e8glement int\u00e9rieur de l\u2019association afin de profiter des diff\u00e9rents avantages dont disposent tous les adh\u00e9rents. Le non-respect du r\u00e8glement autorise le professeur \u00e0 exclure imm\u00e9diatement son auteur du dojo du club. Le Pr\u00e9sident et son comit\u00e9 se r\u00e9servent le droit d\u2019exclure du club tout membre ne respectant pas son fonctionnement.<\/p>\n<h4>1. Les cours<\/h4>\n<p style=\"text-align: justify;\">1.1 Les pratiquants (enfants) sont sous la responsabilit\u00e9 du professeur ou de ses assistants agr\u00e9\u00e9s uniquement pendant les cours et dans l\u2019enceinte du dojo. Le cours commence par le salut et finit par le salut. Les enfants sont donc sous l\u2019enti\u00e8re responsabilit\u00e9 des parents avant le salut (sur le parking, dans les ves- tiaires&#8230;) et apr\u00e8s le salut.<\/p>\n<p>1.2 Il est interdit aux enfants de fouler le tatami en dehors des cours de karat\u00e9.<\/p>\n<p style=\"text-align: justify;\">1.3 Les spectateurs sont autoris\u00e9s pendant le cours. Afin de ne pas perturber le cours le silence est demand\u00e9 pendant les s\u00e9ances.<\/p>\n<p style=\"text-align: justify;\">1.4 La ponctualit\u00e9 : les pratiquants doivent \u00eatre en kimono 5 minutes avant chaque cours. En cas de retard, le pratiquant devra s\u2019asseoir sur le bord du tatami en attendant l\u2019autorisation d\u2019entrer de la part du professeur. Des retards syst\u00e9matiques et non justifi\u00e9s autorisent le professeur \u00e0 refuser l\u2019\u00e9l\u00e8ve. Un \u00e9l\u00e8ve peut quitter le cours avant la fin d\u00e8s lors qu\u2019il pr\u00e9vient le professeur avant la s\u00e9ance.<\/p>\n<p style=\"text-align: justify;\">1.5 Nous conseillons aux parents de n\u2019assister qu\u2019aux premi\u00e8res s\u00e9ances. Par la suite l\u2019id\u00e9al est de rester avec son enfant jusqu\u2019au lancement du cours puis de revenir 5 minutes avant la fin.<\/p>\n<h4>2. La tenue<\/h4>\n<p style=\"text-align: justify;\">2.1 Le kimono, les gants et la coquille ne sont pas obligatoires le premier mois. Par la suite, ils le deviennent, surtout si l\u2019\u00e9l\u00e8ve souhaite faire de la comp\u00e9tition, quel que soit son niveau ou sa cat\u00e9gorie.<\/p>\n<p style=\"text-align: justify;\">2.2 Accessoires : le prot\u00e8ge-dents (obligatoire pour les comp\u00e9titeurs), le prot\u00e8ge poitrine (obligatoire pour les comp\u00e9titrices \u00e0 partir de benjamines), paire de gants et prot\u00e8ges pieds rouges et\/ou bleus.<\/p>\n<p style=\"text-align: justify;\">2.3 Tous les bijoux (montres, cha\u00eenes..) sont interdits pendant la pratique.<\/p>\n<p>2.4 Il est fortement conseill\u00e9 d\u2019attacher ses cheveux.<\/p>\n<h4>3. L\u2019Hygi\u00e8ne<\/h4>\n<p>3.1 Toute personne n\u2019ayant pas une hygi\u00e8ne suffisante sera renvoy\u00e9e aux vestiaires<\/p>\n<p>3.2 Les ongles de pieds devront toujours \u00eatre soigneusement coup\u00e9s (ongles longs = danger)<\/p>\n<p style=\"text-align: justify;\">3.3 Afin de pr\u00e9server l\u2019hygi\u00e8ne des tatamis et d\u2019\u00e9viter les accidents (\u00e9clats de verre&#8230;) Nous demandons \u00e0 tous les pratiquants de se munir de Tongues, Zoori (ou l\u2019\u00e9quivalent).<\/p>\n<h4>4. Les passages de grades<\/h4>\n<p style=\"text-align: justify;\">4.1. Ils ne sont pas obligatoires. Leur p\u00e9riodicit\u00e9 : De 4 \u00e0 8 ans : 1 passage par saison sportive (sauf exceptions exprim\u00e9es par le professeur) \u00e0 partir de 9 ans et + : 2 passages par saison sportive selon l\u2019assiduit\u00e9 de l\u2019\u00e9l\u00e8ve, (\u00e0 l\u2019appr\u00e9ciation du professeur).<\/p>\n<p>4.2 De 4 \u00e0 13 ans syst\u00e8me de ceintures \u00e0 carreaux demi ceinture (sauf exception)<\/p>\n<h4>5. Panneaux d\u2019affichages<\/h4>\n<p style=\"text-align: justify;\">Les pratiquants et parents doivent prendre connaissance du panneau d\u2019affichage avant chaque cours. Toutes les informations affich\u00e9es ne seront pas forc\u00e9ment r\u00e9p\u00e9t\u00e9es en cours.<\/p>\n<h4>\u00a06. Les vols<\/h4>\n<p>Il est conseill\u00e9 de d\u00e9poser les sacs dans le dojo. Le club d\u00e9cline toute responsabilit\u00e9 en cas de vol.<\/p>\n<h4>7. Administratif<\/h4>\n<p style=\"text-align: justify;\">7.1 Des s\u00e9ances d\u2019essais gratuites sont propos\u00e9es aux nouveaux futurs adh\u00e9rents. Durant ces s\u00e9ances, le club consid\u00e8re que le pratiquant a consult\u00e9 son m\u00e9decin et est apte \u00e0 la pratique du karat\u00e9. Le club se d\u00e9gage de toute responsabilit\u00e9 en cas de contre-indication \u00e0 la pratique non d\u00e9clar\u00e9e par le pratiquant. Au moment de l\u2019inscription, le certificat m\u00e9dical est obligatoirement joint au dossier.<\/p>\n<p style=\"text-align: justify;\">7.2 Le dossier d\u2019inscription doit contenir : Un certificat m\u00e9dical d\u2019aptitude, un ch\u00e8que (ou plusieurs pour les facilit\u00e9s de paiement) couvrant le montant total et la fiche d\u2019inscription remplie.<\/p>\n<p>7.3 Les comp\u00e9titeurs devront toujours avoir en leur possession un 2e certificat m\u00e9dical (photocopie) et un passeport sportif (12 e pour les enfants et 20 e pour les adultes)<\/p>\n<p>7.4 Toutes les licences doivent \u00eatre soigneusement conserv\u00e9es.<\/p>\n<p style=\"text-align: justify;\">7.5 Droit \u00e0 l\u2019image: le licenci\u00e9 du club autorise le Karat\u00e9 ACS Santeny \u00e0 le prendre en photo et en vid\u00e9o pour la diffusion sur son site Internet ou tout autre utilisation li\u00e9e \u00e0 sa promotion sans r\u00e9clamer la moindre indemnit\u00e9 financi\u00e8re. Dans le cas contraire, l\u2019adh\u00e9rent peut, s\u2019il le souhaite, en faire la demande par \u00e9crit, en lettre recommand\u00e9e avec A.R aupr\u00e8s du bureau du club. 8. D\u00e9placements en comp\u00e9tition Pour les comp\u00e9titions nationales de cat\u00e9gorie A, le Karat\u00e9 ACS Santeny prend en charge le d\u00e9placement mais une participation forfaitaire, par personne peut \u00eatre demand\u00e9e dans certains cas. Les d\u00e9placements aux manifestations d\u00e9partementales et r\u00e9gionales sont \u00e0 la charge des licenci\u00e9s.<\/p>\n<p style=\"text-align: center;\">&#8212;&#8212;&#8212;&#8212;&#8212;&#8212;&#8212;&#8212;&#8212;&#8212;-<\/p>\n<h3>EXTRAIT DES STATUTS<\/h3>\n<h4>ARTICLE 19<\/h4>\n<p style=\"text-align: justify;\">Les cotisations vers\u00e9es au Karat\u00e9 ACS Santeny au d\u00e9but des saisons sportives ne seront en aucun cas rembours\u00e9es, sauf en cas de blessures graves cons\u00e9cutives \u00e0 un entrainement ou \u00e0 une comp\u00e9tition et qui entraineront une immobilisation sup\u00e9rieure \u00e0 deux mois. Le remboursement de la cotisation sera proportionnel au temps restant de la saison sportive<\/p>\n<p>&nbsp;<\/p>\n","protected":false},"excerpt":{"rendered":"<p>D\u00e8s lors que vous vous inscrivez au Karat\u00e9 ACS Santeny, vous vous engagez \u00e0 respecter le r\u00e8glement int\u00e9rieur de l\u2019association afin de profiter des diff\u00e9rents avantages dont disposent tous les adh\u00e9rents. Le non-respect du r\u00e8glement autorise le professeur \u00e0 exclure imm\u00e9diatement son auteur du dojo du club. Le Pr\u00e9sident et son comit\u00e9 se r\u00e9servent le <\/p>\n","protected":false},"author":1,"featured_media":0,"parent":614,"menu_order":0,"comment_status":"open","ping_status":"open","template":"","meta":{"footnotes":""},"class_list":["post-702","page","type-page","status-publish","hentry"],"_links":{"self":[{"href":"https:\/\/www.karate-shukokai.fr\/site\/index.php?rest_route=\/wp\/v2\/pages\/702","targetHints":{"allow":["GET"]}}],"collection":[{"href":"https:\/\/www.karate-shukokai.fr\/site\/index.php?rest_route=\/wp\/v2\/pages"}],"about":[{"href":"https:\/\/www.karate-shukokai.fr\/site\/index.php?rest_route=\/wp\/v2\/types\/page"}],"author":[{"embeddable":true,"href":"https:\/\/www.karate-shukokai.fr\/site\/index.php?rest_route=\/wp\/v2\/users\/1"}],"replies":[{"embeddable":true,"href":"https:\/\/www.karate-shukokai.fr\/site\/index.php?rest_route=%2Fwp%2Fv2%2Fcomments&post=702"}],"version-history":[{"count":8,"href":"https:\/\/www.karate-shukokai.fr\/site\/index.php?rest_route=\/wp\/v2\/pages\/702\/revisions"}],"predecessor-version":[{"id":778,"href":"https:\/\/www.karate-shukokai.fr\/site\/index.php?rest_route=\/wp\/v2\/pages\/702\/revisions\/778"}],"up":[{"embeddable":true,"href":"https:\/\/www.karate-shukokai.fr\/site\/index.php?rest_route=\/wp\/v2\/pages\/614"}],"wp:attachment":[{"href":"https:\/\/www.karate-shukokai.fr\/site\/index.php?rest_route=%2Fwp%2Fv2%2Fmedia&parent=702"}],"curies":[{"name":"wp","href":"https:\/\/api.w.org\/{rel}","templated":true}]}}