{"id":679,"date":"2012-09-05T14:13:51","date_gmt":"2012-09-05T13:13:51","guid":{"rendered":"http:\/\/www.karate-shukokai.fr\/site\/?page_id=679"},"modified":"2013-09-24T17:04:31","modified_gmt":"2013-09-24T15:04:31","slug":"passage-de-grades-ffkda","status":"publish","type":"page","link":"https:\/\/www.karate-shukokai.fr\/site\/?page_id=679","title":{"rendered":"Passage de grades FFKDA"},"content":{"rendered":"<p><a href=\"https:\/\/www.karate-shukokai.fr\/site\/wp-content\/uploads\/2013\/09\/REGL_grades_KARATE_CONTACT.pdf\" target=\"_blank\">R\u00e8glement Karat\u00e9 Contact<\/a><\/p>\n<p><a href=\"https:\/\/www.karate-shukokai.fr\/site\/wp-content\/uploads\/2013\/09\/ReglementCSDGE-2013-09.pdf\">R\u00e8glement CSDGE 2013<\/a><\/p>\n<p>Les documents apparaitront dans une nouvelle fen\u00eatre ou onglet.<\/p>\n","protected":false},"excerpt":{"rendered":"<p>R\u00e8glement Karat\u00e9 Contact R\u00e8glement CSDGE 2013 Les documents apparaitront dans une nouvelle fen\u00eatre ou onglet.<\/p>\n","protected":false},"author":1,"featured_media":0,"parent":31,"menu_order":0,"comment_status":"open","ping_status":"open","template":"","meta":{"footnotes":""},"class_list":["post-679","page","type-page","status-publish","hentry"],"_links":{"self":[{"href":"https:\/\/www.karate-shukokai.fr\/site\/index.php?rest_route=\/wp\/v2\/pages\/679","targetHints":{"allow":["GET"]}}],"collection":[{"href":"https:\/\/www.karate-shukokai.fr\/site\/index.php?rest_route=\/wp\/v2\/pages"}],"about":[{"href":"https:\/\/www.karate-shukokai.fr\/site\/index.php?rest_route=\/wp\/v2\/types\/page"}],"author":[{"embeddable":true,"href":"https:\/\/www.karate-shukokai.fr\/site\/index.php?rest_route=\/wp\/v2\/users\/1"}],"replies":[{"embeddable":true,"href":"https:\/\/www.karate-shukokai.fr\/site\/index.php?rest_route=%2Fwp%2Fv2%2Fcomments&post=679"}],"version-history":[{"count":11,"href":"https:\/\/www.karate-shukokai.fr\/site\/index.php?rest_route=\/wp\/v2\/pages\/679\/revisions"}],"predecessor-version":[{"id":1990,"href":"https:\/\/www.karate-shukokai.fr\/site\/index.php?rest_route=\/wp\/v2\/pages\/679\/revisions\/1990"}],"up":[{"embeddable":true,"href":"https:\/\/www.karate-shukokai.fr\/site\/index.php?rest_route=\/wp\/v2\/pages\/31"}],"wp:attachment":[{"href":"https:\/\/www.karate-shukokai.fr\/site\/index.php?rest_route=%2Fwp%2Fv2%2Fmedia&parent=679"}],"curies":[{"name":"wp","href":"https:\/\/api.w.org\/{rel}","templated":true}]}}