{"id":39,"date":"2012-07-24T21:45:58","date_gmt":"2012-07-24T20:45:58","guid":{"rendered":"http:\/\/www.karate-shukokai.fr\/site\/?page_id=39"},"modified":"2013-09-13T16:01:52","modified_gmt":"2013-09-13T14:01:52","slug":"pedagogie","status":"publish","type":"page","link":"https:\/\/www.karate-shukokai.fr\/site\/?page_id=39","title":{"rendered":"P\u00e9dagogie"},"content":{"rendered":"<h4><span style=\"text-decoration: underline;\"><span style=\"color: #0000ff; text-decoration: underline;\"><a title=\"Karat\u00e9 pour les enfants! Pourquoi?\" href=\"https:\/\/www.karate-shukokai.fr\/site\/?page_id=786\"><span style=\"color: #0000ff; text-decoration: underline;\">Karat\u00e9 pour les enfants! Pourquoi?<\/span><\/a><\/span><\/span><\/h4>\n<p>&nbsp;<\/p>\n<h4><span style=\"text-decoration: underline;\"><span style=\"color: #0000ff; text-decoration: underline;\"><a title=\"La pratique chez l\u2019enfant\" href=\"https:\/\/www.karate-shukokai.fr\/site\/?page_id=1144\"><span style=\"color: #0000ff; text-decoration: underline;\">Pratique chez l&rsquo;enfant<\/span><\/a><\/span><\/span><\/h4>\n<p>&nbsp;<\/p>\n<h4><span style=\"text-decoration: underline;\"><a title=\"karat\u00e9 des 5 ANS\" href=\"https:\/\/www.karate-shukokai.fr\/site\/?page_id=775\"><span style=\"color: #0000ff; text-decoration: underline;\">Karat\u00e9 d\u00e8s 5 ans<\/span><\/a><\/span><\/h4>\n<p>&nbsp;<br \/>\n&nbsp;<br \/>\n&nbsp;<br \/>\n&nbsp;<br \/>\n&nbsp;<br \/>\n&nbsp;<br \/>\n&nbsp;<br \/>\n&nbsp;<br \/>\n&nbsp;<br \/>\n&nbsp;<br \/>\n&nbsp;<br \/>\n&nbsp;<br \/>\n&nbsp;<br \/>\n&nbsp;<br \/>\n&nbsp;<\/p>\n","protected":false},"excerpt":{"rendered":"<p>Karat\u00e9 pour les enfants! Pourquoi? &nbsp; Pratique chez l&rsquo;enfant &nbsp; Karat\u00e9 d\u00e8s 5 ans &nbsp; &nbsp; &nbsp; &nbsp; &nbsp; &nbsp; &nbsp; &nbsp; &nbsp; &nbsp; &nbsp; &nbsp; &nbsp; &nbsp; &nbsp;<\/p>\n","protected":false},"author":1,"featured_media":0,"parent":31,"menu_order":0,"comment_status":"open","ping_status":"open","template":"","meta":{"footnotes":""},"class_list":["post-39","page","type-page","status-publish","hentry"],"_links":{"self":[{"href":"https:\/\/www.karate-shukokai.fr\/site\/index.php?rest_route=\/wp\/v2\/pages\/39","targetHints":{"allow":["GET"]}}],"collection":[{"href":"https:\/\/www.karate-shukokai.fr\/site\/index.php?rest_route=\/wp\/v2\/pages"}],"about":[{"href":"https:\/\/www.karate-shukokai.fr\/site\/index.php?rest_route=\/wp\/v2\/types\/page"}],"author":[{"embeddable":true,"href":"https:\/\/www.karate-shukokai.fr\/site\/index.php?rest_route=\/wp\/v2\/users\/1"}],"replies":[{"embeddable":true,"href":"https:\/\/www.karate-shukokai.fr\/site\/index.php?rest_route=%2Fwp%2Fv2%2Fcomments&post=39"}],"version-history":[{"count":10,"href":"https:\/\/www.karate-shukokai.fr\/site\/index.php?rest_route=\/wp\/v2\/pages\/39\/revisions"}],"predecessor-version":[{"id":1179,"href":"https:\/\/www.karate-shukokai.fr\/site\/index.php?rest_route=\/wp\/v2\/pages\/39\/revisions\/1179"}],"up":[{"embeddable":true,"href":"https:\/\/www.karate-shukokai.fr\/site\/index.php?rest_route=\/wp\/v2\/pages\/31"}],"wp:attachment":[{"href":"https:\/\/www.karate-shukokai.fr\/site\/index.php?rest_route=%2Fwp%2Fv2%2Fmedia&parent=39"}],"curies":[{"name":"wp","href":"https:\/\/api.w.org\/{rel}","templated":true}]}}

Pédagogie

<h4><span style="text-decoration: underline;"><span style="color: #0000ff; text-decoration: underline;"><a title="Karaté pour les enfants! Pourquoi?" href="https://www.karate-shukokai.fr/site/?page_id=786"><span style="color: #0000ff; text-decoration: underline;">Karaté pour les enfants! Pourquoi?</span></a></span></span></h4>
<p>&nbsp;</p>
<h4><span style="text-decoration: underline;"><span style="color: #0000ff; text-decoration: underline;"><a title="La pratique chez l’enfant" href="https://www.karate-shukokai.fr/site/?page_id=1144"><span style="color: #0000ff; text-decoration: underline;">Pratique chez l&rsquo;enfant</span></a></span></span></h4>
<p>&nbsp;</p>
<h4><span style="text-decoration: underline;"><a title="karaté des 5 ANS" href="https://www.karate-shukokai.fr/site/?page_id=775"><span style="color: #0000ff; text-decoration: underline;">Karaté dès 5 ans</span></a></span></h4>
<p>&nbsp;<br />
&nbsp;<br />
&nbsp;<br />
&nbsp;<br />
&nbsp;<br />
&nbsp;<br />
&nbsp;<br />
&nbsp;<br />
&nbsp;<br />
&nbsp;<br />
&nbsp;<br />
&nbsp;<br />
&nbsp;<br />
&nbsp;<br />
&nbsp;</p>

<p>Karaté pour les enfants! Pourquoi? &nbsp; Pratique chez l&rsquo;enfant &nbsp; Karaté dès 5 ans &nbsp; &nbsp; &nbsp; &nbsp; &nbsp; &nbsp; &nbsp; &nbsp; &nbsp; &nbsp; &nbsp; &nbsp; &nbsp; &nbsp; &nbsp;</p>
